rs of (y - 0 - 91)*-15.
2, 3, 5
Suppose -20 = -2*d - 2*d. Let s be (240/10)/3 + -8. Suppose -2*g + 0*g = -d*m - 448, 5*m - 20 = s. What are the prime factors of g?
2, 3, 13
Let s be 1 + 1098/(-14) + 12/28. Let a = s + 410. Suppose 68 = 2*i + b - 154, -4*b - a = -3*i. What are the prime factors of i?
3, 37
Suppose 0 = -t + b + 1 + 12, 38 = 5*t + 4*b. Suppose -5*r = 5*i - t, -i - 4*r = 3 + 1. What are the prime factors of -2*i/16 - (-74)/4?
2, 3
Suppose q - 5*a - 35 = 0, 43 + 2 = 5*q + a. Suppose -8316 = -22*s + q*s. What are the prime factors of s?
3, 7, 11
Suppose -11*w = -10*w. Suppose 4*i = -5*n + 480 + 41, -2*n - i + 209 = w. Suppose 0 = -r - 2*k + 27, 3*r - n + 16 = -4*k. List the prime factors of r.
5, 7
Let m(l) = 2*l - 14. Let x be m(8). Suppose t = 41 - x. Let v = t - 20. List the prime factors of v.
19
Suppose 0 = 3*t - 935 - 1555. Let c be (14*-1)/(6/(-21)*7). Suppose -t = -c*j - 3*j. What are the prime factors of j?
83
Suppose -2*a = n + 341, 3*a + 8*n + 507 = 5*n. List the prime factors of 3/(-6)*a/2.
43
Let i(g) = -387*g**3 - 6*g**2 - 13*g - 2. Let v be i(-2). Let p = -1698 + v. What are the prime factors of p?
2, 3, 233
Suppose 3*y + 2*j - 3922 = 0, y - 1311 = -2*j + 5*j. Let r = 2032 - y. What are the prime factors of r?
2, 181
Suppose 2495376 = 107*l - 29*l. What are the prime factors of l?
2, 3, 31, 43
Let s(q) = q**2 - 19*q + 18. Let y be s(18). Suppose -4*g = -i + 4, y*g - 2*g - 4 = -i. Suppose g*c - c = -125. What are the prime factors of c?
5
Let j be (4/(-3))/(4/(-6)). Let h be (10/(-8) + j)*4. Suppose h*k - 61 = 164. List the prime factors of k.
3, 5
What are the prime factors of ((-42)/(-144) + 15/40)*(-63984)/(-4)?
2, 31, 43
Let n = -192732 + 274456. What are the prime factors of n?
2, 20431
Let l(h) = -5*h**3 - 14*h**2 - 11*h + 7. Let z(y) = y**3 + 2*y. Let b(p) = l(p) + 4*z(p). What are the prime factors of b(-15)?
277
Let b be 4/8 - 63/(-18). Suppose b*f - 9*f = 4*u - 680, -3*f + u = -425. List the prime factors of f.
2, 5, 7
Let k(o) = o**3 + 7*o**2 - 14*o - 30. Let b be k(-7). Suppose -2*m = -802 - b. List the prime factors of m.
3, 5, 29
Suppose 5*b = -1961 + 5436. Suppose -b = -7*r + 2*r. Let p = r + -76. What are the prime factors of p?
3, 7
Let d = 48359 - 32921. List the prime factors of d.
2, 3, 31, 83
Suppose -25*l + 28*l = -6. Let y be ((-1 - -69) + l)/((-4)/(-10)). List the prime factors of -3 - y/(-5) - -3.
3, 11
Let c(h) be the third derivative of h**6/120 + 5*h**5/12 + 11*h**4/24 + 14*h**3/3 + 53*h**2. Let o be c(-24). Let z = 521 - o. What are the prime factors of z?
181
Suppose -891 + 849 = 7*y. Let u(i) be the third derivative of i**5/20 + 7*i**4/24 + 11*i**3/6 - i**2. What are the prime factors of u(y)?
7, 11
Let r = 5656 - 1691. What are the prime factors of r?
5, 13, 61
Suppose 153*v = 73*v + 83*v - 24435. What are the prime factors of v?
3, 5, 181
Let h(p) = -3*p + 32. Let j be h(10). Let x(m) = 3 - 17*m**2 + 21*m**2 - m**2 - 2*m + 13*m**j. List the prime factors of x(1).
17
Suppose -4*n + 11645 = c - 62009, 0 = -2*n + 3*c + 36834. List the prime factors of n.
2, 3, 11, 31
Let f(t) = 7*t**2 + 492 - 6*t - 2*t**2 + 493 - 988. Let o be (14 + -2)/(-2) - -1. What are the prime factors of f(o)?
2, 19
Let j(t) = 5*t**2 + 19*t - 134. Let x be j(6). Let g = 108 + -44. List the prime factors of g/x + -1 + (-66)/(-10).
2, 3
What are the prime factors of (-2 - (-12)/9) + 1883/(-126)*-438?
5, 7, 11, 17
Let o(p) = -157*p**3 - 26*p**2 - 92*p - 26. List the prime factors of o(-5).
13, 1493
Let c = 74 + 95. Let y = c - 65. Suppose -100 = -3*g + y. List the prime factors of g.
2, 17
Let c(b) = b**2 + b + 64. Let i be c(0). Let x = -106 + i. List the prime factors of 340/14 - (-12)/x.
2, 3
Suppose 4775 = -52*p + 244963. List the prime factors of p.
31, 149
Let w(d) = 523*d + 25. Let f be w(14). Suppose -3069 = -21*i + f. List the prime factors of i.
2, 31
Suppose -351*m + 2125545 + 863220 = 0. List the prime factors of m.
5, 13, 131
Let z = 21 + -20. Let r(s) = -174*s. Let p be r(z). Let a = p + 249. List the prime factors of a.
3, 5
Suppose 145*u - 125*u = 209540. List the prime factors of u.
10477
Suppose 21*g = -754 + 4555. Suppose 3*d - 872 = -2*z, -2*d - g = -5*z - 737. What are the prime factors of d?
2, 3
List the prime factors of 19515 - -3*(4 + 20/(-6)).
29, 673
Let i be ((-18)/6)/(1 + (-2)/(-4)). Let z be (-646)/(-171) - (4/9)/i. Suppose -z*h = -3*h - 71. List the prime factors of h.
71
Let p be -8 + 6 + 494 + 1 + -5. Let o = 580 - p. What are the prime factors of o?
2, 23
Let h(c) be the second derivative of c**4/4 + 4*c**3/3 - 25*c**2/2 - 42*c + 2. What are the prime factors of h(9)?
2, 5, 29
Let d be 10738 + (-2 - (-1 + 1)/(-6)). Suppose 6*g + 2*g = d. List the prime factors of g.
2, 11, 61
Let m(x) be the second derivative of -x**5/20 - x**3/3 + 27*x**2/2 - 5*x - 2. List the prime factors of m(-7).
2, 3
Let s = 45636 + -27338. List the prime factors of s.
2, 7, 1307
Let y = -13571 + 31164. List the prime factors of y.
73, 241
Let b = 389 + -124. Suppose -y + b = 4*y. Suppose y*m - 6 = 50*m. List the prime factors of m.
2
Suppose 87*i - 2288 = 589660. What are the prime factors of i?
2, 3, 7
Let y(l) = 3*l**3 - 5*l**2 - 65*l + 1085. List the prime factors of y(13).
2, 41, 73
Let r(c) = -c**2 + 25*c + 184. Let p be r(31). What are the prime factors of (-610)/p - -3 - (0 + -3)?
311
Let q(a) = 62*a**2 + 8*a + 66. Let z be q(-6). Let x = -795 + z. List the prime factors of x.
3, 5, 97
Let f(u) = -u**3 - 21*u**2 - 39*u - 60. Let z be f(-23). Let l = 2675 - z. What are the prime factors of l?
2, 3, 5, 13
Let o(p) = -2561*p - 21. Let d be o(1). Let l = 3648 + d. What are the prime factors of l?
2, 13, 41
Let s(w) = -10*w + 8. Let b(y) = -y**2 - 16*y. Let t be b(-16). Let l be t + -9 + -1 + 3. List the prime factors of s(l).
2, 3, 13
Let t(f) = -129*f**2 - 3*f + 1. Let y be t(-3). Let o = -765 - y. List the prime factors of o.
2, 193
Let x(n) = 8*n**2 + 4*n + 4. Let w(j) = j**3 + 3*j**2 - 2*j + 3. Let v be w(-4). Let g be x(v). Let q = g + -104. List the prime factors of q.
2, 5
Suppose 17*u = 19*u + 8, 9*z = 3*u + 224256. List the prime factors of z.
2, 6229
Suppose -12*w + 15*w = 15. Let m be w/2*(96/(-10))/(-2). What are the prime factors of 0 + 1756/m + (-4)/(-6)?
3, 7
Let x = 1 - -423. Suppose -5*o - 395 = -3*k, -4*o + x = 5*k - 296. What are the prime factors of (k/(-21))/(2/(-15))?
2, 5
Let s(v) = -107*v**3 - 2*v**2 - 29*v - 83. List the prime factors of s(-5).
11, 1217
Let f(s) = -s**3 - 17*s**2 - 68*s - 1256. What are the prime factors of f(-18)?
2, 73
Suppose 0 = -5*a + 1074 - 444. Suppose 3*x - 834 = a. Suppose m - 87 = -4*z + 5*z, -4*m - 3*z = -x. What are the prime factors of m?
83
Let u be -6*(35/(-15))/7*1. List the prime factors of 360 + 0/6 - u.
2, 179
Suppose 72*c - 32*c - 25*c = 2175. List the prime factors of c.
5, 29
Let o = 233 - 243. What are the prime factors of ((-34)/(-20)*-68)/(4/o)?
17
Suppose 13 = -d + 2*p, -3*d - 4*p = d + 28. Let k(o) = -o + 2. Let s be k(8). List the prime factors of (s/d)/(2/114).
2, 19
Let y = 422 - 412. Suppose -410 = -y*r + 7840. List the prime factors of r.
3, 5, 11
Let z(y) = y**3 + 14*y**2 + 14*y + 15. Let c be z(-13). Suppose 25 = c*k + 3*k. Suppose 4*b + 42 = k*b. List the prime factors of b.
2, 3, 7
Suppose -58*r + 139819 = -97872 - 122373. List the prime factors of r.
2, 97
Suppose -17820 = -1175*n + 1145*n. List the prime factors of n.
2, 3, 11
Let a(s) = -11*s + 133. Let n be a(6). Suppose n*l - 7662 = 61*l. What are the prime factors of l?
1277
List the prime factors of (-64922)/(-10) - 225/(-125).
2, 17, 191
Let r(b) = 92*b**3 - 53*b**2 + 3*b - 49. List the prime factors of r(6).
79, 227
Let m(f) = 7*f**3 - 4*f**2 - 6*f + 5. Let w be m(4). Suppose 0 = -2263*l + 2243*l + 1220. Suppose l = -4*j + w. What are the prime factors of j?
2, 19
Let r(j) = 289*j - 267. List the prime factors of r(32).
7, 1283
What are the prime factors of ((-17 - -11) + -4 - -10) + 13922?
2, 6961
Suppose -3 = -q, i - 115*q = -110*q - 11. Let g(c) be the third derivative of 7*c**4/8 + 13*c**3/6 - c**2. List the prime factors of g(i).
97
Let a(d) = -3*d**3 + 4*d**2 - 2*d - 1. Let s be a(3). Let i be s/20 + 6/10. Let r = 22 + i. What are the prime factors of r?
2, 5
Supp